?
9
Let k(w) = 5*w - 33. Let f(q) = -q**3 - 8*q**2 + 2*q + 2. Let l be f(-8). Let s be k(l). Let j = -9 - s. What is the tens digit of j?
9
Let v(w) = -w**2 - 6*w + 2621. Let h be v(0). Suppose 13*q - 889 - h = 0. What is the units digit of q?
0
Suppose 0 = 435*a - 424*a - 58421. What is the tens digit of a?
1
Suppose 4*j - 71 = -731. Suppose 0 = 2*w + 2*w + 156. Let m = w - j. What is the tens digit of m?
2
Let p(r) = r**2 - 4*r + 14. Let z(n) = 5*n**3 + 2*n**2 - n. Let i be z(1). Let v be p(i). Let l = v - 23. What is the units digit of l?
3
What is the hundreds digit of ((-21)/2 + (75/10 - 6))*-7523?
7
Let g(p) = 2399*p**2 + 111*p - 219. What is the units digit of g(2)?
9
What is the tens digit of (99/(-12))/(231/(-61292))?
8
What is the ten thousands digit of (9/(-6))/(2422849/(-302852) + 8)?
1
Let v = -449 - -449. Suppose -6*x + 154 + 10532 = v. What is the hundreds digit of x?
7
Let u = 137 - 135. Suppose 149 = h + q - 4*q, u*q = 8. What is the hundreds digit of h?
1
Let r = 92423 + -57798. What is the tens digit of r?
2
Suppose -5*t + 14 = q, -4*q - 4*t = 1 + 7. Let x be 14*q/(-4)*-1. What is the tens digit of (-35)/(-14)*(0 + 1 - x)?
5
Let w be 25728/19 + 8/(-76). Let u = w + -442. What is the tens digit of u?
1
Let c(g) = 138*g**2 - 38*g - 187. What is the ten thousands digit of c(-13)?
2
Suppose -31502 = -16*q - 3*q. Suppose 0 = -7*j + q + 4964. What is the hundreds digit of j?
9
Let u(j) = -10*j - 89. Let p be u(-9). What is the units digit of (7 + -4 + 236 - 0)/p?
9
Let q be (-2)/8 - (-69)/4. Let w(j) = -14 - q - 37*j + 32. What is the tens digit of w(-2)?
7
What is the tens digit of 1126048/528 + (-1)/(-3)?
3
Suppose 0 = -3*o + 4*y + 69929, -3*o + 3*y = -24173 - 45757. What is the units digit of o?
1
Suppose 2*i = 5*j + 26, i + 8*j + 13 = 4*j. Suppose -i*u + 5*h + 14 = -0*u, h = -1. Suppose 0 = u*x - 40 - 128. What is the tens digit of x?
5
Suppose 1 = 4*j - 2*m - 1, j - 4*m = -17. Suppose 0 = -j*l - 4*b + 2283, b = 4*l - b - 3066. What is the units digit of l?
5
Let u(o) = o - 11. Let w(m) = -5*m + 45. Let d(b) = -9*u(b) - 2*w(b). What is the units digit of d(-7)?
2
Let j(p) = 2*p**3 + 36*p**2 - 11*p + 41. What is the hundreds digit of j(-14)?
7
Suppose 81*y - 116*y = -323715. What is the hundreds digit of y?
2
Let o = -6208 - -12296. What is the tens digit of o?
8
Suppose -5*w - 3*b + 5450 = 0, -4*w + 0*b + 4360 = -4*b. Let s = w + -631. What is the units digit of s?
9
Suppose -2126 + 6158 = 9*d. Let u = 23 + -16. Suppose 3*i + 2*h = u*i - d, -4*i + 442 = -5*h. What is the hundreds digit of i?
1
Suppose -7856 = -2*u + 5*i, -5*u + 4*i = -3*u - 7852. Suppose -3*f - 846 = -2*y + 714, 5*y - u = 3*f. What is the hundreds digit of y?
7
Suppose -4*k + 80 = 4*n - 1692, -877 = -2*n + k. Let t = -96 - -101. Suppose a + a = t*m + 208, 4*a - 4*m = n. What is the hundreds digit of a?
1
Let w be 4/(-6) - (-320)/(-96). What is the hundreds digit of (2 + 868)*(-3 + (-18)/w)?
3
Let o be (-1)/(-6)*2 - (-35849)/(-33). What is the hundreds digit of (1 + 1)/(o/363 + 3)?
2
Suppose -3*a - z = -3*z - 11, 0 = 2*z + 2. Let t be (6/4 - a)*2*4. What is the hundreds digit of (-12)/7*(654/t + -5)?
1
Suppose -24 + 20 = 4*m, -3*a + 29 = m. Let x(i) = 11*i**2 - 2*i - 5. What is the hundreds digit of x(a)?
0
Let r = 278 + -302. What is the hundreds digit of (5 - (-102)/r)/(2/1048)?
3
Let v(h) be the second derivative of -2*h**3 + 3*h**2/2 - 166*h. Suppose p - 4 + 12 = 0. What is the units digit of v(p)?
9
Let k(x) = -x**3 - 7*x**2 - 7*x - 9. Let s be k(-4). Let t = 32 + s. What is the tens digit of 91 + t + (-15)/5?
9
Let t(s) = -7*s**2 - s + s**3 + 13*s + 441 - 435. Let z be t(5). What is the units digit of 24/z*2/3?
1
Let n(h) = h**3 - 17*h**2 + 14*h - 33. Let u(c) = c**2 - 2*c - 19. Let l be u(7). Let f be n(l). Let t = f - -167. What is the tens digit of t?
0
Suppose -w + 1 = -3. Let a(r) = 13*r - 2*r - 11 - r**2 + w*r. What is the tens digit of a(12)?
2
Let j(o) = -o**3 + 13*o**2 + 2*o + 6. Let w be j(13). Let f = -47 + w. Let c(n) = -n - 13. What is the units digit of c(f)?
2
Let z be 2/(1 + 3) - (-24795)/30. Suppose -z = 4*m + 605. What is the hundreds digit of (-6)/12*(m + 4)?
1
Suppose 0 = 3*i + 4*o - 385, 561 - 27 = 4*i - 5*o. Let d(n) = -59*n - i*n + 2 + 31*n. What is the tens digit of d(-1)?
6
Suppose 8 = 4*a, o + 10 = -o - 3*a. Let w = o - -38. What is the tens digit of ((-2)/3)/(w/(-2925))?
6
Suppose -2*h = 3*n - 9, 10 = 5*h + n + 7. Suppose 156*l - 162*l + 2202 = h. What is the units digit of l?
7
Suppose 9*x + 608 = -1363. Let j be x + -2 - (0 + 3). Let t = -63 - j. What is the hundreds digit of t?
1
Suppose 0 = 19*d + 2952 - 60864. What is the tens digit of d?
4
Let o(i) = -i**3 - 21*i**2 - 28*i + 73. What is the hundreds digit of o(-23)?
7
Suppose 51 = 4*w + 351. Let h = 78 + w. Suppose 0 = 3*x - h*b - 732, -249 = -x + b - 5*b. What is the tens digit of x?
4
Suppose 5*r + 3*v = -9, 3*v = -3*r - 15 + 6. Let a be r*(-1)/(-5) - 2. What is the tens digit of 3705/30 - 1/a?
2
Suppose -3300 = 5*s + 7*s. Let q = s + 543. What is the hundreds digit of q?
2
Let b = -426 - 218. Let g = 1375 + b. What is the tens digit of g?
3
Suppose 4*u - 879 = 657. Let n = u + -322. What is the tens digit of n?
6
Let p(i) be the first derivative of 15*i - 5 - 1/2*i**2. What is the units digit of p(11)?
4
What is the tens digit of (-4745)/(-18)*2 + (-32)/144?
2
Let x = -23543 - -41740. What is the ten thousands digit of x?
1
Let d = 582 + -530. Let u be 127/(-3) + (-8)/12. Let n = d + u. What is the units digit of n?
9
Suppose 0*g - 2*g - 9500 = -3*g. What is the hundreds digit of g?
5
Let a = 22533 + -13024. Suppose 0 = 17*b - a - 2952. What is the tens digit of b?
3
Suppose -197*d = -405*d + 199*d + 72747. What is the tens digit of d?
8
Suppose -2*x = -3 - 7. Let f be (-2)/(-10) + 54/x. Let g = f - -23. What is the units digit of g?
4
Let m = -16375 + 23897. What is the thousands digit of m?
7
Let n = 16 - 16. Suppose 3*d + 9 = n, 4*c - 5*d + 2*d - 37 = 0. Suppose -c*a + 154 = -371. What is the tens digit of a?
7
Let c be (-12)/36 + (-5236)/6. Let d = -403 - c. What is the hundreds digit of d?
4
Let u(l) = 3*l**2 + 23*l + 32. Let m(j) = -j**2 - 8*j - 11. Let d(a) = 17*m(a) + 6*u(a). Let n be d(0). Let p(y) = 25*y + 9. What is the units digit of p(n)?
4
Let d(l) = -l**2 + 18*l + 21. Let p be d(15). Suppose p*h = 57*h + 1458. What is the tens digit of h?
6
Let n = -3490 + 3563. What is the tens digit of n?
7
Suppose c = -11*o + 7*o + 100448, 2*c = 2*o - 50224. What is the tens digit of o?
1
Let k(u) = -41*u + 1. Let n be k(-1). Suppose n = 5*a - 8. Let q(p) = -p**2 + 11*p - 9. What is the units digit of q(a)?
1
Let v be 42/(-5)*1*(-8 - -3). Let j be 82/14 - (-6)/v. What is the units digit of 1402/j - (-4)/3?
5
What is the units digit of 58519 - (-8 - 0) - 1*(3 - -3)?
1
Let v be (-1 - 348/3)*-7. Suppose 2*l = 3*d - 4044, 4044 = d + 2*d - 4*l. Suppose o + d = 5*m, -4*o = -3*m - 0*m + v. What is the hundreds digit of m?
2
Suppose 34*u - 1622592 = -8*u - 22*u. What is the units digit of u?
3
Suppose -5*x - 3*n + 143809 = 0, x + 2*n - 16798 = 11968. What is the thousands digit of x?
8
Let w be (207/(-138))/((-2)/((-4)/3)). What is the hundreds digit of (-25909)/(-78) + w/6?
3
Let c be 9/(-21) - (-42190)/(-14). Let p = c + 4390. What is the tens digit of p?
7
Let o = 3628 - 3478. Let d be 1*(-1 + 0 - -70). Let m = o - d. What is the tens digit of m?
8
Suppose 15*i - 1876 = 2009. Suppose 20*h - i = 13*h. What is the tens digit of h?
3
Suppose -4*p + f + 9234 = 0, -3*p + 256*f + 6921 = 253*f. What is the tens digit of p?
0
Suppose 5*s + 17 = 2*m, -1 = 3*m - 3*s - 4. Let c be m/(-2) + -3 + 1. Suppose c = -4*u + 8, 2*u - 95 = -2*a + 47. What is the tens digit of a?
6
Let r = -3586 - -6686. What is the tens digit of r?
0
Suppose -3054268 - 204992 = 13*q - 241*q. What is the units digit of q?
5
Let r be -3*(-1)/4*(-31 - -35). Suppose 5*b = -r*z + 365 + 876, 1213 = 3*z - 2*b. What is the hundreds digit of z?
4
Let g(d) = 78*d**2 - 30*d + 122. What is the ten thousands digit of g(20)?
3
Suppose -4*v + 9*v + 4*o - 46897 = 0, o = 3. What is the units digit of v?
7
Let q = 72 + -54. Let x = 22 - q. Suppose -7*r = x*r - 1903. What is the tens digit of r?
7
Suppose -10*t = 3 - 33. Wha